 the greatest common factor of p and 176?
16
Suppose -690 - 4126 = -86*q. Calculate the highest common factor of 3836 and q.
28
Let n(c) = c**2 + 12*c - 56. Let x be n(7). Let l be ((-11)/(x/(-6)))/(24/224). Let b be (2/1)/((-2)/(-32)). Calculate the highest common factor of l and b.
8
Let u = -17208 - -45387. Calculate the greatest common divisor of u and 202.
101
Suppose 3*k - 4*p = 4*k + 19, -46 = 3*k + p. Let w = 27 + k. Let u(n) = 3*n**2 - 2*n + 12. Let c be u(-6). Calculate the greatest common factor of w and c.
12
Let d(i) = i**2 + 25*i - 6. Let r be d(-24). Let b be r/(-7) + (-6)/21. Suppose 0 = -b*h + 536 - 76. What is the highest common divisor of 23 and h?
23
Let m = 5990 - 4978. What is the greatest common factor of m and 88?
44
Suppose 0 = 2*u + 12*u - 224. Suppose 2*r + u = -14*r. Let v be 1/(r + 72/70). Calculate the highest common divisor of v and 7.
7
Let i = 326 - 276. Suppose i*h - 120 = 42*h. Let s(l) = -7*l + 1. Let k be s(-2). What is the greatest common factor of h and k?
15
Suppose -375*g + 9475 = -370*g. What is the greatest common factor of g and 5?
5
Let j = -3316 - -3352. Calculate the greatest common factor of 268 and j.
4
Let q = -34204 - -34303. What is the greatest common factor of q and 1793?
11
Suppose 4*m = -3*r + 4680, 4*m + r - 5130 + 450 = 0. Suppose 0*t = 15*t - m. What is the highest common factor of 12 and t?
6
Let a = -4903 - -4999. What is the greatest common divisor of a and 816?
48
Suppose -1536 = 7*g - 10*g. Let z = -72 + g. What is the greatest common divisor of 40 and z?
40
Suppose -3*k = 2*v - 2299, -5*v + 1038*k + 5760 = 1043*k. What is the highest common divisor of 481 and v?
13
Suppose 3*g = h + 13, -h - 3 = g - 5*h. Suppose 0 = 2*q + r - 1346, -3*q + r - g*r + 2024 = 0. Calculate the greatest common factor of 21 and q.
21
Let a = -850 + 854. Calculate the highest common factor of 85 and a.
1
Suppose -5291 = 5*b - 6*b + 3*h, -21276 = -4*b - 4*h. Calculate the highest common divisor of 64 and b.
64
Suppose -41*v - 15*v = 267*v - 670871. What is the highest common divisor of 279 and v?
31
Let f(k) = 5*k**2 + 39*k + 83. Let u be f(-5). Calculate the greatest common factor of 767 and u.
13
Suppose 0 = 146*z - 4382 + 1024. Calculate the greatest common factor of z and 6808.
23
Let z be (-3)/(-9)*(0 - -18). Suppose 0 = -4*o + z*o. Suppose o = 3*w - 85 + 1. What is the highest common factor of 4 and w?
4
Suppose -15*s = -11*s + 64. Let i = 32 - s. Calculate the greatest common factor of i and 208.
16
Let l(b) = -b**3 - 17*b**2 - 26*b. Let p be l(-16). Let d = 1636 + -1604. Calculate the highest common divisor of d and p.
32
Let d = -4456 + 4547. What is the greatest common factor of d and 7?
7
Let u = 69 + -62. Let h(j) = -15*j - u + j + 2*j + 11*j. Let r be h(-9). What is the highest common divisor of r and 2?
2
Let k = 17 + 447. Suppose -226*x = 4*o - 224*x - 222, 0 = 6*o + 4*x - 328. Calculate the greatest common factor of k and o.
58
Suppose 2*l - 2*l - 10048 = -2*l. Calculate the greatest common divisor of 24 and l.
8
Let m be 1 + -1 + (-61 - -2). Let x = -19 - m. Suppose -w = 2*w - 3*k - 42, k = -5*w + x. What is the highest common divisor of 27 and w?
9
Suppose 0 = 3*q - 20*q + 215243 - 32323. Calculate the greatest common factor of 20 and q.
20
Let z(x) = 73*x + 1409. Let i be z(-19). Let u be (-333)/(-15) - 4/20. What is the greatest common factor of u and i?
22
Suppose 3*k + c = 59, -3*k + 2*k = 2*c - 28. Let q = -30822 - -30864. Calculate the greatest common factor of k and q.
6
Let c be 4*6/(-132) + 7735/11. What is the highest common factor of 37 and c?
37
Suppose -w = 4*u - 106, -2*w + 19 = 15. What is the highest common divisor of u and 182?
26
Let z = -26 - -32. Let v be ((13 - z) + -5)*(-54)/(-4). What is the greatest common factor of v and 36?
9
Suppose 52*i = 37*i + 630. Let n = 19 + -17. Suppose -f + n*f = -4*o + 18, 5*f = -3*o + 39. What is the greatest common divisor of i and f?
6
Let a(q) = -q**2 - 5*q - 4. Let t be a(-8). Let n = -24 - t. Suppose 0 = -n*d - 5*x + 931, d - x - 2*x = 237. Calculate the highest common divisor of d and 26.
26
Let c = 478 - 567. Let l = 102 + c. Calculate the greatest common divisor of l and 39.
13
Let j be ((-8)/(-12))/(5/(-15))*-7. Suppose 42 = 4*c - 3*b, 0*c + c + 3*b = 18. Let t be (-558)/(-8) - (-3)/c. Calculate the greatest common divisor of j and t.
14
Let r(u) = -u**2 + 10*u + 41. Let w be r(13). Suppose w*q - 5*c = -11, 0 = -q - 3*c - 5 + 16. What is the highest common divisor of 8 and q?
2
Suppose u - 8 = -3*c + 151, 2*c = 2*u + 106. Suppose -5*d = 33 - c. Calculate the greatest common divisor of 14 and d.
2
Suppose -2*k = -12, 16*d = 12*d + 3*k + 230. Calculate the greatest common factor of 527 and d.
31
Let k(c) = 150*c + 1105. Let n be k(-7). What is the greatest common factor of n and 50?
5
Let i be -77*(-5)/(175/10). Suppose i*j - 88 = 11*j. Suppose 2*b = -0*b + 16. Calculate the greatest common divisor of b and j.
8
Suppose 902 = 30*l - 88. Calculate the greatest common factor of l and 121.
11
Suppose -2*n = 2*x + 62, -4*x - 12*n - 133 = -17*n. Let f(p) = 3*p + 128. Let b be f(x). What is the greatest common factor of 32 and b?
32
Let z(m) = 23*m - 1222. Let n be z(56). What is the greatest common divisor of 57 and n?
3
Suppose -5*a + 8 = -2. Suppose c = -2*o + 1, -o = a*c - c + 2. Let d be (12/(-10))/((-175)/1750). What is the highest common divisor of d and o?
3
Let u(h) = -45*h + 120. Let c be u(13). Let d = c + 640. Calculate the greatest common divisor of 75 and d.
25
Let a(r) = -2*r + 28. Let d be a(6). Let k(l) = -l**3 - 9*l**2 - 2*l - 10. Let f be k(-9). Suppose 4*h + 0*h = f. What is the greatest common factor of h and d?
2
Let w = -14003 - -16089. What is the greatest common factor of 70 and w?
14
Suppose -3*x - 6278 = -r, 60*x - 56*x - 25096 = -4*r. Calculate the highest common factor of 25 and r.
25
Let w be 2/(16/6) + (-258)/(-8). Suppose -35*b + w*b + 518 = 4*v, 0 = -5*v + 4*b + 641. What is the highest common factor of v and 3?
3
Let h be (-20)/(-2)*2/4. Let v = -643 + 693. Calculate the greatest common divisor of v and h.
5
Suppose 8 = -5*p + 23. Suppose 20 = -4*g, p*w - 10*g = -6*g + 335. What is the greatest common divisor of w and 63?
21
Let s be (0 + 0)/((6 - 2) + -2). Suppose 5*q + 20 = 0, -q = 3*d - s*d - 152. What is the highest common factor of d and 52?
52
Let f(o) = 2*o**3 + 23*o**2 + 32*o + 43. Let j be f(-9). Calculate the greatest common divisor of 1520 and j.
80
Let z be (((-2350)/15)/2)/(1/(-3)). Suppose -p = -n + z, 80 - 551 = -2*n + 3*p. Calculate the greatest common factor of n and 26.
26
Suppose -425 = -4*f - 3*s, s = -0*s - 5. Let x = 128 - f. What is the highest common divisor of 180 and x?
18
Let l = 66 - 63. Suppose -x = l*j - 69, 3*x - 182 = 4*j - 8*j. Suppose 4*c = 8*c - 24. What is the greatest common divisor of x and c?
6
Let s(f) = 17*f**2 + 227*f + 253. Let z be s(-18). Let w = -67 - -134. Calculate the highest common divisor of w and z.
67
Suppose 0 = -2*d - 4*k - 14, 0 = -4*d - 2*k + 3*k - 19. Let p = d + 26. Let n be (-2 + (-465)/9)/((-7)/p). Calculate the highest common divisor of 23 and n.
23
Let y = -1257 + 1283. What is the highest common divisor of 1365 and y?
13
Suppose -10 = -7*j + 2*j. Let l be (0/(-1))/(1/(-1)). Suppose 11*a - 19*a + 128 = l. Calculate the greatest common factor of a and j.
2
Let u = 451 - 434. Let a(n) = 5*n**2 + 9*n - 13. Suppose -1 = w + 4*i + 5, w + 9 = -5*i. Let g be a(w). Calculate the greatest common factor of g and u.
17
Suppose -l - 3*s = -5*l + 36, 0 = -5*s. Suppose 2*i - l*i + 161 = 0. What is the highest common divisor of i and 161?
23
Let r(w) = 72*w**2 + 47*w + 86. Let t be r(-2). What is the highest common divisor of 616 and t?
56
Let c(g) = g**2 + 4*g - 3. Let r be c(1). Suppose -3*w + 6 = -9, -453 = -r*v + 3*w. What is the highest common factor of 72 and v?
18
Suppose 37*g - 10*g - 16350 - 11865 = 0. Calculate the greatest common divisor of 935 and g.
55
Suppose 13 = g + 1. Suppose 0 = 8*p + 14 - 134. Let c(u) = -u**3 + 13*u**2 + 35*u + 33. Let y be c(p). What is the highest common divisor of g and y?
12
Let y = -117 + 235. Calculate the highest common factor of y and 1121.
59
Let k(p) = 40*p**2 - 514*p - 3107. Let z be k(-6). What is th